s digit of 54212357?
2
What is the millions digit of 41995612?
1
What is the ten millions digit of 577025733?
7
What is the hundred thousands digit of 110044070?
0
What is the hundreds digit of 200750521?
5
What is the millions digit of 2050942498?
0
What is the hundred thousands digit of 51779974?
7
What is the hundred thousands digit of 8509347?
5
What is the hundreds digit of 37137135?
1
What is the hundred millions digit of 3817681431?
8
What is the hundreds digit of 146631018?
0
What is the millions digit of 355404740?
5
What is the hundred thousands digit of 122332046?
3
What is the hundreds digit of 417825476?
4
What is the millions digit of 489741698?
9
What is the thousands digit of 114200421?
0
What is the hundreds digit of 1390320022?
0
What is the ten millions digit of 67632045?
6
What is the millions digit of 13920286?
3
What is the hundred millions digit of 1237692884?
2
What is the ten thousands digit of 159583232?
8
What is the billions digit of 2007941620?
2
What is the tens digit of 48459122?
2
What is the millions digit of 370161117?
0
What is the units digit of 60928830?
0
What is the ten thousands digit of 74478088?
7
What is the tens digit of 1710975910?
1
What is the billions digit of 3172551685?
3
What is the ten millions digit of 958540587?
5
What is the billions digit of 5564987318?
5
What is the tens digit of 1601940155?
5
What is the hundred millions digit of 4880199518?
8
What is the hundred thousands digit of 711807937?
8
What is the thousands digit of 303762292?
2
What is the hundred thousands digit of 882071429?
0
What is the thousands digit of 571429190?
9
What is the ten millions digit of 1932035957?
3
What is the ten thousands digit of 255946108?
4
What is the tens digit of 68666934?
3
What is the ten millions digit of 183807500?
8
What is the thousands digit of 198040240?
0
What is the ten millions digit of 1960409327?
6
What is the millions digit of 98958366?
8
What is the units digit of 102997665?
5
What is the tens digit of 239999265?
6
What is the millions digit of 7491351?
7
What is the millions digit of 1713365584?
3
What is the tens digit of 1005975486?
8
What is the ten thousands digit of 35850487?
5
What is the tens digit of 477255534?
3
What is the hundreds digit of 173270239?
2
What is the thousands digit of 1368534265?
4
What is the billions digit of 6043155695?
6
What is the hundreds digit of 689884885?
8
What is the hundred millions digit of 6315523037?
3
What is the ten thousands digit of 16537753?
3
What is the millions digit of 133783334?
3
What is the ten thousands digit of 336441323?
4
What is the millions digit of 608287025?
8
What is the ten millions digit of 3741487479?
4
What is the millions digit of 3092422910?
2
What is the tens digit of 6966832185?
8
What is the hundred millions digit of 248731503?
2
What is the units digit of 539227264?
4
What is the hundred millions digit of 601926313?
6
What is the billions digit of 5092361818?
5
What is the ten thousands digit of 8679654?
7
What is the thousands digit of 838911369?
1
What is the hundred millions digit of 664562611?
6
What is the millions digit of 49670090?
9
What is the millions digit of 70833513?
0
What is the millions digit of 295617863?
5
What is the thousands digit of 100006594?
6
What is the ten millions digit of 601443745?
0
What is the tens digit of 2292967605?
0
What is the ten millions digit of 171479018?
7
What is the tens digit of 42009508?
0
What is the ten thousands digit of 1891337603?
3
What is the tens digit of 659199260?
6
What is the billions digit of 1647241507?
1
What is the tens digit of 70239897?
9
What is the ten millions digit of 95080739?
9
What is the millions digit of 210788657?
0
What is the tens digit of 587651161?
6
What is the hundred thousands digit of 9682441?
6
What is the hundred thousands digit of 553407566?
4
What is the billions digit of 3194230814?
3
What is the hundred thousands digit of 8584677623?
6
What is the units digit of 69050083?
3
What is the tens digit of 50008968?
6
What is the millions digit of 350655659?
0
What is the ten millions digit of 1721219367?
2
What is the units digit of 5730042?
2
What is the ten millions digit of 103541323?
0
What is the tens digit of 82844596?
9
What is the ten thousands digit of 46136944?
3
What is the millions digit of 47950689?
7
What is the thousands digit of 2517433981?
3
What is the ten thousands digit of 689447775?
4
What is the thousands digit of 3961049562?
9
What is the hundreds digit of 1204333078?
0
What is the ten thousands digit of 1126619139?
1
What is the tens digit of 20516922?
2
What is the tens digit of 164102326?
2
What is the ten thousands digit of 855721474?
2
What is the ten millions digit of 161537285?
6
What is the units digit of 380204579?
9
What is the ten millions digit of 879724364?
7
What is the ten thousands digit of 1149758085?
5
What is the hundred thousands digit of 157980986?
9
What is the thousands digit of 157948335?
8
What is the thousands digit of 1671916709?
6
What is the millions digit of 61433455?
1
What is the billions digit of 1416111184?
1
What is the hundreds digit of 914286372?
3
What is the thousands digit of 29857890?
7
What is the units digit of 32318456?
6
What is the hundred thousands digit of 2556211475?
2
What is the ten thousands digit of 260320421?
2
What is the ten millions digit of 194997096?
9
What is the ten millions digit of 3026096380?
2
What is the ten millions digit of 23763045?
2
What is the millions digit of 662123336?
2
What is the millions digit of 154662183?
4
What is the millions digit of 189522459?
9
What is the thousands digit of 340602153?
2
What is the hundred thousands digit of 187215424?
2
What is the hundreds digit of 201604273?
2
What is the ten millions digit of 244390998?
4
What is the tens digit of 4597898900?
0
What is the hundreds digit of 861105069?
0
What is the tens digit of 95293351?
5
What is the millions digit of 26566512?
6
What is the thousands digit of 3820225?
0
What is the billions digit of 5079051182?
5
What is the ten thousands digit of 1086987970?
8
What is the ten millions digit of 480807308?
8
What is the millions digit of 379115878?
9
What is the thousands digit of 212547432?
7
What is the ten millions digit of 53111933?
5
What is the hundreds digit of 2529892943?
9
What is the hundreds digit of 73448462?
4
What is the units digit of 1291792579?
9
What is the billions digit of 1970676333?
1
What is the millions digit of 119650244?
9
What is the tens digit of 35521786?
8
What is the millions digit of 6628849?
6
What is the hundreds digit of 49882052?
0
What is the hundred thousands digit of 15855580?
8
What is the thousands digit of 131831483?
1
What is the ten millions digit of 59446466?
5
What is the thousands digit of 135792289?
2
What is the millions digit of 68386086?
8
What is the units digit of 79654382?
2
What is the thousands digit of 91931693?
1
What is the ten millions digit of 1847887849?
4
What is the ten millions digit of 30578384?
3
What is the thousands digit of 99516107?
6
What is the hundred millions digit of 386809690?
3
What is the units digit of 239955608?
8
What is the hundreds digit of 49975425?
4
What is the hundred millions digit of 280866620?
2
What is the hundred thousands digit of 51386032?
3
What is the millions digit of 165189280?
5
What is the ten thousands digit of 3604697885?
9
What is the units digit of 156558673?
3
What is the billions digit of 1669556002?
1
What is the ten millions digit of 507037945?
0
What is the hundred thousands digit of 192387976?
3
What is the hundred millions digit of 921391389?
9
What is the hundred millions digit of 1817073867?
8
What is the units digit of 128296138?
8
What is the ten millions digit of 976850768?
7
What is the millions digit of 51866345?
1
What is the ten millions digit of 6428114214?
2
What is the hundred thousands digit of 37375892?
3
What is the thousands digit of 1758232?
8
What is the units digit of 680695822?
2
What is the hundreds digit of 688058814?
8
What is the ten millions digit of 549691842?
4
What is the billions digit of 2899777857?
2
What is the hundred millions digit of 392787249?
3
What is the units digit of 51195706?
6
What is the tens digit of 576956